x) = 3*x + 2 - x - x + 0*x. What is o(b)?
-3
Let y(x) = x**3 - 2*x**2 + 1. Let v(u) = 2*u**3 - 3*u**2 - 3*u + 6. Let n(h) = v(h) - 3*y(h). What is n(3)?
-6
Let x = 0 - -3. Let f(z) = -4 + 9*z**x - 2*z - 2 + 7 + z**2. Let o = -30 - -31. Give f(o).
9
Let h(s) = -16*s**2 - 13*s - 25. Let g(c) = 43*c**2 + 39*c + 75. Let p(f) = -3*g(f) - 8*h(f). Give p(-10).
5
Let g be (8/(-10))/(78/30 + -3). Let l(u) = -4*u - u - 5*u**g - 4*u**2 + 10*u**2. What is l(4)?
-4
Let a(j) = 12*j. Suppose 29*y - 34 = 12*y. Determine a(y).
24
Let j be 12 - (-7)/(35/(-20)). Suppose 0*x + j = -2*x. Let p(l) = -2*l - 3. Determine p(x).
5
Let d be (-16)/112 - 2/(-14). Let k(a) = 2*a - 27 + 25 + d*a. Let w = 11 + -7. Give k(w).
6
Let o = -1 - -66. Let c = o - 58. Let i(v) = v**3 - 6*v**2 - 3*v - 6. Calculate i(c).
22
Let w = 14 - 19. Let z(c) be the second derivative of -c**3/3 + 9*c**2/2 + 5*c. Let i(n) = -2*n + 8. Let l(m) = w*i(m) + 4*z(m). What is l(5)?
6
Let s(d) = 3 - 64*d - d**2 + 64*d. Let v be s(0). Let w(y) be the third derivative of y**5/60 - y**4/6 - y**3/2 + 4*y**2. What is w(v)?
-6
Let h(o) = 2*o - 7. Suppose 5*y - 3*y - 168 = 2*z, -3*y = -2*z - 170. Let b = z - -87. Calculate h(b).
3
Let v(f) = 8*f**2. Let z = 58 - 54. Let d(u) = u**3 - 5*u**2 + 6*u - 9. Let i be d(z). Determine v(i).
8
Suppose 10*q - 28 = -8. Let j(f) = f - 5. Let s be j(5). Suppose -g - 3*u - 2 = s, 0 = -2*g - q*u - 0*u - 12. Let n(r) = r**3 + 8*r**2 - r - 8. Give n(g).
0
Let j(o) = 19*o - 14. Let g(p) = 14*p - 9. Let b(l) = 7*g(l) - 5*j(l). What is b(-4)?
-5
Let h(z) = 2*z**2 - 2*z + 1. Let n be (2/3)/((-122)/(-183)). What is h(n)?
1
Let g(l) = l**3 + 6*l**2 + 3*l - 6. Let w be g(-5). Let q(h) = 2 - h + 2*h**2 - 5 + w + 2*h. Suppose 11*z - 2 = -13. What is q(z)?
2
Let i = 1 + 2. Let t be 1/(-3) - (-1)/i. Let c(r) = -r**3 - r**2 + 4. Give c(t).
4
Let q(l) = 1 - 2*l - l - l + 2*l. Let f be (5/3 - 2)/((-1)/6). Determine q(f).
-3
Let c(d) = 3*d**2 - 3*d - 8. Let o(l) = -16*l**2 + 14*l + 39. Let v(x) = 11*c(x) + 2*o(x). What is v(7)?
4
Let c(s) = -s**2 + 4*s + 2. Let x(y) be the first derivative of y**4/4 + 3*y**3 - 11*y**2/2 - 7*y + 40. Let o be x(-10). What is c(o)?
5
Let g = -97 + 98. Let o(z) = -g - 2 + 0 + 0 + z. Let a = 10 + -14. What is o(a)?
-7
Suppose 80 = 1936*o - 1926*o. Let r(t) = t**2 - 3*t - 33. Calculate r(o).
7
Let h = 73 - 18. Let o = h - 63. Let s(w) = -w - 4. Determine s(o).
4
Let p(f) = f**3 + 3*f**2 - 29*f + 2. Let o be p(-7). Let l(q) = -q**3 + 9*q**2 + 5. Determine l(o).
5
Let p(x) = -10*x - 1 + 15*x + 4 + 3 - x. Determine p(-6).
-18
Let p(a) be the first derivative of a**4/2 - a**3 + a**2 - 2*a - 172. Suppose 4*c + c = 10. Suppose b - c + 0 = 0. Calculate p(b).
6
Let x = 0 + 3. Let q be x - (4 - 4)*1. Let t(b) = -b**3 + 4*b**2 - 3*b + 4. Determine t(q).
4
Let d(i) = -9*i + 6 - i + 17*i. What is d(-5)?
-29
Let g(z) = z**2 + 4*z - 12. Let t(w) = 4*w**3 + 53*w**2 + 17*w + 46. Let l be t(-13). Give g(l).
0
Suppose 0 = 3*s + 2*c - 65, 64 = s + 3*s - 3*c. Let z(n) = n**3 - 20*n**2 + 21*n - 33. Calculate z(s).
5
Let b be -2*(-2 - -1) + 2. Suppose 0 = -5*o - y + 16, 0 = -4*o + 45*y - 40*y + 7. Let k(q) = -1 - q + b*q**2 - 4*q - 2*q - o*q**2. What is k(6)?
-7
Let h(v) = 108*v**3 - 6 + v**2 - 55*v**3 + 4*v**2 - 52*v**3. What is h(-5)?
-6
Let x(y) = 7*y - 1. Let a be x(-1). Let b be 6/a - 23/(-4). Let s(q) = -q**2 + 4*q - 1. What is s(b)?
-6
Let y be (-34)/3060*6/(-4). Let r(b) be the third derivative of -5/6*b**3 - b**2 - 1/6*b**4 + 0*b - y*b**5 + 0. Give r(-4).
-5
Let n(o) = -2*o + 4. Suppose -12*s + 25 + 47 = 0. What is n(s)?
-8
Let g(o) = o**2 + 7*o - 20. Let m be g(-9). Suppose 0 = -2*q + r + 19, -2*q - 3*q + 30 = r. Let k = q + m. Let h(d) = d**3 - 5*d**2 - d. Give h(k).
-5
Let l(h) = 17*h**2 + 9*h + 9. Let z(r) = -5 + 2*r - 4*r + 1 - 2*r - 8*r**2. Let j(q) = 3*l(q) + 7*z(q). Give j(-1).
-5
Let a(v) = v**3 - 7*v**2 + 10*v + 2. Let o be a(3). Let h(r) = 3*r + 6. Let x(q) = -4*q - 19 + 0*q - 5*q. Let g(t) = -7*h(t) - 2*x(t). What is g(o)?
8
Let g(o) = -o**3 + 11*o**2 - 19*o + 90. Suppose -r = 2*a - 16, 3*r + 56*a - 42 = 52*a. Give g(r).
0
Let o(z) = -z**2 - 6*z + 4*z - 1 - 3*z. Let n(v) = -5 - 289*v + 3*v**2 + 289*v + v**3. Let x be n(-3). Calculate o(x).
-1
Let o(l) = -2*l**3 + 17*l**2 - 8*l + 3. Let k be o(8). Let u(y) be the first derivative of 3/2*y**2 - 1 - 1/3*y**k + 2*y. Calculate u(4).
-2
Let p(t) be the third derivative of -3*t**2 + 1/60*t**5 + 1/24*t**4 + 0 - 1/360*t**6 - t**3 + 0*t. Let d(z) be the first derivative of p(z). Determine d(2).
1
Suppose 7*w = 2*w + 20. Let y(v) = 5*v - 2 - w - 1 - 2*v. Determine y(5).
8
Let m be (-14)/3 + 1/(-3). Let b(x) = 12 + 2*x**2 + 52*x - 45*x - 8 - 3 - x**2. Determine b(m).
-9
Let k(y) = -8*y**2 + 3*y**2 + 3 - 7*y + 0 + 4*y**2. Let a be k(-7). Let x(t) = t + 1. Calculate x(a).
4
Let o(z) = 6*z - 10*z - 4*z + 7*z + 9 + 8*z. What is o(-5)?
-26
Let i = -142 + 143. Let y(u) = 4*u**3 + u**2 - u. Calculate y(i).
4
Let k(w) = -3*w**2 - 9*w - 2. Let t be k(-1). Let x(p) = 1. Let j(l) = l - 5. Let o(i) = -j(i) - 6*x(i). Give o(t).
-5
Let d(c) = c**3 - 2*c**2 - 2. Let u(g) = 5*g + 68. Let h be u(-13). What is d(h)?
7
Let d be (-4 - -1)/((-2)/2). Let n(j) = 0*j - j + j**3 + 207 - 209 - 2*j**2. Give n(d).
4
Let b be 0/(13/26 + (-3)/2). Suppose b = -5*g - 2*r + 15 - 4, 0 = -4*g - 4*r + 4. Let m(a) = 3*a - 1 - 3 + 3. Give m(g).
8
Let c(y) = y**2 + 10*y + 11. Suppose 0 = -12*z - 17 - 43. What is c(z)?
-14
Let n(v) = 4*v**2 + v. Suppose -26*t + 14 = -19*t. Calculate n(t).
18
Let s(x) = x**3 - 5*x + 3. Let n = -21 + 31. Let q(p) = -p**2 + 10*p - 6. Let k be q(n). Let d be (-9)/k + (-6)/(-4). Determine s(d).
15
Let b(i) = -i**2 - i - 1. Let u be b(0). Let g(c) be the third derivative of c**6/24 + c**5/60 + c**4/24 + c**3/6 - 436*c**2 - c. Calculate g(u).
-4
Let u = 3 + 2. Let q be (0 + 1)/(((-5)/(-1))/15). Let k(a) = 5*a**2 + 8*a**3 - 2*a + a + 2*a**3 - 11*a**q. Determine k(u).
-5
Suppose 2*m - 6*m = 24. Let o(u) = -6*u**2 + 34*u + 11. Let q(z) = -z**2 + 7*z + 2. Let g(l) = -2*o(l) + 11*q(l). Give g(m).
-18
Let z = 15 - 9. Let i(y) = -y**3 + 5*y**2 + 6*y - 2. Let c be i(z). Let w(t) = 1. Let n(a) = a + 3. Let g(b) = -n(b) + 2*w(b). Give g(c).
1
Let p(h) be the third derivative of -h**6/120 - 2*h**5/15 - h**4/24 - 3*h**3/2 - 731*h**2. Give p(-8).
-1
Let r = -16 - -29. Let d = -15 + r. Let f be 4/((0 + 2)/d). Let p(n) = 3*n + 6. Determine p(f).
-6
Let k(o) = -49*o**2 + o + o**3 - 13 + 48*o**2 - o. Give k(0).
-13
Let m(i) = -5*i**2 + 11*i + 9. Let v(k) = 4*k**2 - 10*k - 8. Let d be 4/14 + (-33)/(-7). Let p(c) = d*m(c) + 6*v(c). What is p(-4)?
1
Let r(j) = -4*j**2 + 2*j**2 - j + 0*j**2. Let n be -4*(66/(-8) + 40/5). Calculate r(n).
-3
Let m(c) = 13*c + 6. Let d(h) = -168*h - 77. Let u(l) = 6*d(l) + 77*m(l). Give u(1).
-7
Let c(s) be the first derivative of -s**3/3 + 9*s**2/2 - 14*s + 101. What is c(7)?
0
Let f = 2 - 0. Suppose f*a + 3*x + x + 8 = 0, 0 = -a + 3*x + 21. Let b(g) = g**2 + 4*g - 7. Let n(c) = -2*c**2 - 3*c + 6. Let w(m) = 3*b(m) + 2*n(m). Give w(a).
-9
Suppose 5*w = 9*w + 5*y - 4, -12 = -2*w - 5*y. Let h(m) be the third derivative of -m**4/24 + 5*m**3/6 - 3*m**2. Give h(w).
9
Let j(y) = 9*y + 11. Let b(t) = t**2 + 9*t + 10. Let k(w) = -2*b(w) + 3*j(w). Let m be k(5). Let z(h) = h**3 - 8*h**2 - h + 11. What is z(m)?
3
Let j(a) = -8*a - 13. Let g be j(-2). Let d(l) be the third derivative of 0*l + 0*l**4 + 5*l**2 + 0 - 1/6*l**g + 1/20*l**6 + 1/30*l**5. Calculate d(-1).
-5
Let z be (20 + -8)*4/(-8). Let l(i) = -2*i**2 - 12*i + 6. Give l(z).
6
Let t = 220 - 122. Let w = 100 - t. Let d(u) = -4*u + 2. What is d(w)?
-6
Let w(a) = -a**2 - 4*a + 2. Let v(h) = -2*h**2 - 2*h. Let g(c) = v(c) - w(c). Determine g(0).
-2
Let o(r) = 12*r - 101. Let n be o(8). Let g(c) = c**2 + c + 6. What is g(n)?
26
Let h be 2 + (2 - 1)*35. Suppose -g = k - 2, 5*k = -4*g + 8*g + h. Let i(m) = m**3 - 6*m**2 + 5*m - 4. Give i(k).
-4
Let s(y) = 2*y**3 - 2*y**2 + y - 2. Suppose 22*x - 18*x + 4*n - 16 = 0, 0 = -3*x - n + 8. Calculate s(x).
8
Suppose -2*v + 6 = 16. Let y(p) = p**2 - 9*p + 1. Let g(h) = -6*h**2 + 41*h - 8. Let r(k) = g(k) + 5*y(k). Calculate r(v).
-8
Let j(p) = -25 - 10 + 5*p**2 + 33 + p**3. Let b(y) = -4*y**2 - 2*y + 1. Let w be b(1). Give j(w).
-2
Let a(m) 